{"id":2958,"date":"2022-12-14T18:02:07","date_gmt":"2022-12-14T17:02:07","guid":{"rendered":"https:\/\/www.fourchette.com\/recepten\/"},"modified":"2024-03-25T11:06:05","modified_gmt":"2024-03-25T10:06:05","slug":"recettes","status":"publish","type":"page","link":"https:\/\/www.fourchette.com\/fr\/recettes\/","title":{"rendered":"Recettes"},"content":{"rendered":"<div class=\"wpb-content-wrapper\">[vc_row][vc_column width=\u00a0\u00bb1\/2&Prime;][vc_column_text]Fourchette est une bi\u00e8re d\u2019exception qui sera encore magnifi\u00e9e en combinaison avec des plats sublimes. Et vous pouvez vous aussi les mettre sur la table. D\u00e9couvrez ici des recettes de food pairing qui font ressortir le meilleur de Fourchette. Bon app\u00e9tit\u00a0![\/vc_column_text][\/vc_column][vc_column width=\u00a0\u00bb1\/2&Prime;][\/vc_column][\/vc_row][vc_row][vc_column]<div class=\"wpex-post-cards wpex-post-cards-template_3302 wpex-post-cards-has-featured wpex-relative\"><div class=\"wpex-post-cards-inner\"><div class=\"wpex-post-cards-featured wpex-mb-30\"><div class=\"wpex-card wpex-card-featured wpex-card-template_3302 card-black-gradient\"><a href=\"https:\/\/www.fourchette.com\/fr\/recipes\/kwartel-wortel-miso-en-postelein\/\" aria-label=\"Caille, carotte, miso et pourpier\" class=\"wpex-card-inner wpex-no-underline wpex-inherit-color\"><div class=\"vc_row wpb_row vc_row-fluid wpex-relative\"><div class=\"wpb_column vc_column_container vc_col-sm-12\"><div class=\"vc_column-inner\"><div class=\"wpb_wrapper\"><figure class=\"vcex-image vcex-module\"><div class=\"vcex-image-inner wpex-relative wpex-inline-block\"><span href=\"https:\/\/www.fourchette.com\/fr\/recipes\/kwartel-wortel-miso-en-postelein\/\"><img loading=\"lazy\" class=\"vcex-image-img wpex-align-middle\" decoding=\"async\" src=\"https:\/\/www.fourchette.com\/wp-content\/uploads\/sites\/2\/2022\/12\/Fourchette_foodpairing-Kwartel-1-600x400.png\" alt=\"wartel, wortel, miso en postelein\" srcset=\"https:\/\/www.fourchette.com\/wp-content\/uploads\/sites\/2\/2022\/12\/Fourchette_foodpairing-Kwartel-1-600x400.png 600w, https:\/\/www.fourchette.com\/wp-content\/uploads\/sites\/2\/2022\/12\/Fourchette_foodpairing-Kwartel-1-900x600.png 900w\" width=\"600\" height=\"400\"><\/span><\/div><\/figure><div class=\"vcex-flex-container vcex-module wpex-flex wpex-gap-20 wpex-flex-col\"><h3 class=\"vcex-heading vcex-heading-plain vcex-module wpex-heading wpex-text-2xl wpex-h3\"><span class=\"vcex-heading-inner wpex-inline-block\">Caille, carotte, miso et pourpier<\/span><\/h3><span href=\"https:\/\/www.fourchette.com\/fr\/recipes\/kwartel-wortel-miso-en-postelein\/\" class=\"vcex-button theme-txt-link small align-left wpex-inline-block inline\"><span class=\"vcex-button-inner theme-button-inner wpex-flex wpex-flex-wrap wpex-items-center wpex-justify-center\">Voir la recette<\/span><\/span> <\/div><\/div><\/div><\/div><\/div><\/a><\/div><\/div><div class=\"wpex-post-cards-loop wpex-post-cards-grid wpex-row wpex-clr\"><div class=\"wpex-post-cards-entry col col-1 span_1_of_3 post-3016 type-recipes\"><div class=\"wpex-card wpex-card-template_3302 card-black-gradient\"><a href=\"https:\/\/www.fourchette.com\/fr\/recipes\/cannelloni-met-kreeft-mosterdbloem-en-gember\/\" aria-label=\"Cannelloni au homard, \u00e0 la fleur de moutarde et au gingembre\" class=\"wpex-card-inner wpex-no-underline wpex-inherit-color\"><div class=\"vc_row wpb_row vc_row-fluid wpex-relative\"><div class=\"wpb_column vc_column_container vc_col-sm-12\"><div class=\"vc_column-inner\"><div class=\"wpb_wrapper\"><figure class=\"vcex-image vcex-module\"><div class=\"vcex-image-inner wpex-relative wpex-inline-block\"><span href=\"https:\/\/www.fourchette.com\/fr\/recipes\/cannelloni-met-kreeft-mosterdbloem-en-gember\/\"><img loading=\"lazy\" class=\"vcex-image-img wpex-align-middle\" decoding=\"async\" src=\"https:\/\/www.fourchette.com\/wp-content\/uploads\/sites\/2\/2022\/12\/Fourchette_foodpairing-Kreeft-1-600x400.png\" alt=\"Cannelloni met kreeft, mosterdbloem en gember\" srcset=\"https:\/\/www.fourchette.com\/wp-content\/uploads\/sites\/2\/2022\/12\/Fourchette_foodpairing-Kreeft-1-600x400.png 600w, https:\/\/www.fourchette.com\/wp-content\/uploads\/sites\/2\/2022\/12\/Fourchette_foodpairing-Kreeft-1-300x201.png 300w\" width=\"600\" height=\"400\"><\/span><\/div><\/figure><div class=\"vcex-flex-container vcex-module wpex-flex wpex-gap-20 wpex-flex-col\"><h3 class=\"vcex-heading vcex-heading-plain vcex-module wpex-heading wpex-text-2xl wpex-h3\"><span class=\"vcex-heading-inner wpex-inline-block\">Cannelloni au homard, \u00e0 la fleur de moutarde et au gingembre<\/span><\/h3><span href=\"https:\/\/www.fourchette.com\/fr\/recipes\/cannelloni-met-kreeft-mosterdbloem-en-gember\/\" class=\"vcex-button theme-txt-link small align-left wpex-inline-block inline\"><span class=\"vcex-button-inner theme-button-inner wpex-flex wpex-flex-wrap wpex-items-center wpex-justify-center\">Voir la recette<\/span><\/span> <\/div><\/div><\/div><\/div><\/div><\/a><\/div><\/div><div class=\"wpex-post-cards-entry col col-2 span_1_of_3 post-3018 type-recipes\"><div class=\"wpex-card wpex-card-template_3302 card-black-gradient\"><a href=\"https:\/\/www.fourchette.com\/fr\/recipes\/taco-met-gekonfijte-eendenbout\/\" aria-label=\"Taco \u00e0 la cuisse de canard confite\" class=\"wpex-card-inner wpex-no-underline wpex-inherit-color\"><div class=\"vc_row wpb_row vc_row-fluid wpex-relative\"><div class=\"wpb_column vc_column_container vc_col-sm-12\"><div class=\"vc_column-inner\"><div class=\"wpb_wrapper\"><figure class=\"vcex-image vcex-module\"><div class=\"vcex-image-inner wpex-relative wpex-inline-block\"><span href=\"https:\/\/www.fourchette.com\/fr\/recipes\/taco-met-gekonfijte-eendenbout\/\"><img loading=\"lazy\" class=\"vcex-image-img wpex-align-middle\" decoding=\"async\" src=\"https:\/\/www.fourchette.com\/wp-content\/uploads\/sites\/2\/2022\/12\/Fourchette_foodpairing-Taco-eend-1-600x400.png\" alt=\"Taco met gekonfijte eendenbout\" width=\"600\" height=\"400\"><\/span><\/div><\/figure><div class=\"vcex-flex-container vcex-module wpex-flex wpex-gap-20 wpex-flex-col\"><h3 class=\"vcex-heading vcex-heading-plain vcex-module wpex-heading wpex-text-2xl wpex-h3\"><span class=\"vcex-heading-inner wpex-inline-block\">Taco \u00e0 la cuisse de canard confite<\/span><\/h3><span href=\"https:\/\/www.fourchette.com\/fr\/recipes\/taco-met-gekonfijte-eendenbout\/\" class=\"vcex-button theme-txt-link small align-left wpex-inline-block inline\"><span class=\"vcex-button-inner theme-button-inner wpex-flex wpex-flex-wrap wpex-items-center wpex-justify-center\">Voir la recette<\/span><\/span> <\/div><\/div><\/div><\/div><\/div><\/a><\/div><\/div><div class=\"wpex-post-cards-entry col col-3 span_1_of_3 post-3020 type-recipes\"><div class=\"wpex-card wpex-card-template_3302 card-black-gradient\"><a href=\"https:\/\/www.fourchette.com\/fr\/recipes\/zilte-asperge-met-zeewolf\/\" aria-label=\"Asperges sal\u00e9es au poisson-chat\" class=\"wpex-card-inner wpex-no-underline wpex-inherit-color\"><div class=\"vc_row wpb_row vc_row-fluid wpex-relative\"><div class=\"wpb_column vc_column_container vc_col-sm-12\"><div class=\"vc_column-inner\"><div class=\"wpb_wrapper\"><figure class=\"vcex-image vcex-module\"><div class=\"vcex-image-inner wpex-relative wpex-inline-block\"><span href=\"https:\/\/www.fourchette.com\/fr\/recipes\/zilte-asperge-met-zeewolf\/\"><img loading=\"lazy\" class=\"vcex-image-img wpex-align-middle\" decoding=\"async\" src=\"https:\/\/www.fourchette.com\/wp-content\/uploads\/sites\/2\/2022\/12\/Fourchette_foodpairing-Asperge-1-600x400.png\" alt=\"Zilte asperge met zeewolf\" width=\"600\" height=\"400\"><\/span><\/div><\/figure><div class=\"vcex-flex-container vcex-module wpex-flex wpex-gap-20 wpex-flex-col\"><h3 class=\"vcex-heading vcex-heading-plain vcex-module wpex-heading wpex-text-2xl wpex-h3\"><span class=\"vcex-heading-inner wpex-inline-block\">Asperges sal\u00e9es au poisson-chat<\/span><\/h3><span href=\"https:\/\/www.fourchette.com\/fr\/recipes\/zilte-asperge-met-zeewolf\/\" class=\"vcex-button theme-txt-link small align-left wpex-inline-block inline\"><span class=\"vcex-button-inner theme-button-inner wpex-flex wpex-flex-wrap wpex-items-center wpex-justify-center\">Voir la recette<\/span><\/span> <\/div><\/div><\/div><\/div><\/div><\/a><\/div><\/div><div class=\"wpex-post-cards-entry col col-1 span_1_of_3 post-3022 type-recipes\"><div class=\"wpex-card wpex-card-template_3302 card-black-gradient\"><a href=\"https:\/\/www.fourchette.com\/fr\/recipes\/coquille-met-radijs\/\" aria-label=\"Coquilles Saint-Jacques aux radis\" class=\"wpex-card-inner wpex-no-underline wpex-inherit-color\"><div class=\"vc_row wpb_row vc_row-fluid wpex-relative\"><div class=\"wpb_column vc_column_container vc_col-sm-12\"><div class=\"vc_column-inner\"><div class=\"wpb_wrapper\"><figure class=\"vcex-image vcex-module\"><div class=\"vcex-image-inner wpex-relative wpex-inline-block\"><span href=\"https:\/\/www.fourchette.com\/fr\/recipes\/coquille-met-radijs\/\"><img loading=\"lazy\" class=\"vcex-image-img wpex-align-middle\" decoding=\"async\" src=\"https:\/\/www.fourchette.com\/wp-content\/uploads\/sites\/2\/2022\/12\/Fourchette_foodpairing-Coquilles-1-600x400.png\" alt=\"Coquille met radijs, heerlijk in combinatie met een subtiele Fourchette\" srcset=\"https:\/\/www.fourchette.com\/wp-content\/uploads\/sites\/2\/2022\/12\/Fourchette_foodpairing-Coquilles-1-600x400.png 600w, https:\/\/www.fourchette.com\/wp-content\/uploads\/sites\/2\/2022\/12\/Fourchette_foodpairing-Coquilles-1-300x201.png 300w\" width=\"600\" height=\"400\"><\/span><\/div><\/figure><div class=\"vcex-flex-container vcex-module wpex-flex wpex-gap-20 wpex-flex-col\"><h3 class=\"vcex-heading vcex-heading-plain vcex-module wpex-heading wpex-text-2xl wpex-h3\"><span class=\"vcex-heading-inner wpex-inline-block\">Coquilles Saint-Jacques aux radis<\/span><\/h3><span href=\"https:\/\/www.fourchette.com\/fr\/recipes\/coquille-met-radijs\/\" class=\"vcex-button theme-txt-link small align-left wpex-inline-block inline\"><span class=\"vcex-button-inner theme-button-inner wpex-flex wpex-flex-wrap wpex-items-center wpex-justify-center\">Voir la recette<\/span><\/span> <\/div><\/div><\/div><\/div><\/div><\/a><\/div><\/div><\/div><\/div><\/div>[\/vc_column][\/vc_row]\n<\/div>","protected":false},"excerpt":{"rendered":"Hacher finement les radis \u00e0 la mandoline et les placer dans de l'eau glac\u00e9e. Pr\u00e9paration d'un bouillon de crustac\u00e9s : Oignon, carotte et poireau \u00e0 l'\u00e9tuv\u00e9e Ajouter les carapaces de crevettes, de homards ou de langoustines et bien les faire frire. Ajouter une cuill\u00e8re \u00e0 soupe de pur\u00e9e de tomates D\u00e9glacer avec le vin blanc&hellip;","protected":false},"author":1,"featured_media":0,"parent":0,"menu_order":0,"comment_status":"closed","ping_status":"open","template":"","meta":{"_acf_changed":false,"_analytify_skip_tracking":false,"footnotes":""},"class_list":["post-2958","page","type-page","status-publish","hentry","entry","has-media"],"acf":[],"_links":{"self":[{"href":"https:\/\/www.fourchette.com\/fr\/wp-json\/wp\/v2\/pages\/2958","targetHints":{"allow":["GET"]}}],"collection":[{"href":"https:\/\/www.fourchette.com\/fr\/wp-json\/wp\/v2\/pages"}],"about":[{"href":"https:\/\/www.fourchette.com\/fr\/wp-json\/wp\/v2\/types\/page"}],"author":[{"embeddable":true,"href":"https:\/\/www.fourchette.com\/fr\/wp-json\/wp\/v2\/users\/1"}],"replies":[{"embeddable":true,"href":"https:\/\/www.fourchette.com\/fr\/wp-json\/wp\/v2\/comments?post=2958"}],"version-history":[{"count":2,"href":"https:\/\/www.fourchette.com\/fr\/wp-json\/wp\/v2\/pages\/2958\/revisions"}],"predecessor-version":[{"id":6132,"href":"https:\/\/www.fourchette.com\/fr\/wp-json\/wp\/v2\/pages\/2958\/revisions\/6132"}],"wp:attachment":[{"href":"https:\/\/www.fourchette.com\/fr\/wp-json\/wp\/v2\/media?parent=2958"}],"curies":[{"name":"wp","href":"https:\/\/api.w.org\/{rel}","templated":true}]}}

<div class="wpb-content-wrapper">[vc_row][vc_column width= »1/2&Prime;][vc_column_text]Fourchette est une bière d’exception qui sera encore magnifiée en combinaison avec des plats sublimes. Et vous pouvez vous aussi les mettre sur la table. Découvrez ici des recettes de food pairing qui font ressortir le meilleur de Fourchette. Bon appétit ![/vc_column_text][/vc_column][vc_column width= »1/2&Prime;][/vc_column][/vc_row][vc_row][vc_column]<div class="wpex-post-cards wpex-post-cards-template_3302 wpex-post-cards-has-featured wpex-relative"><div class="wpex-post-cards-inner"><div class="wpex-post-cards-featured wpex-mb-30"><div class="wpex-card wpex-card-featured wpex-card-template_3302 card-black-gradient"><a href="https://www.fourchette.com/fr/recipes/kwartel-wortel-miso-en-postelein/" aria-label="Caille, carotte, miso et pourpier" class="wpex-card-inner wpex-no-underline wpex-inherit-color"><div class="vc_row wpb_row vc_row-fluid wpex-relative"><div class="wpb_column vc_column_container vc_col-sm-12"><div class="vc_column-inner"><div class="wpb_wrapper"><figure class="vcex-image vcex-module"><div class="vcex-image-inner wpex-relative wpex-inline-block"><span href="https://www.fourchette.com/fr/recipes/kwartel-wortel-miso-en-postelein/"><img loading="lazy" class="vcex-image-img wpex-align-middle" decoding="async" src="https://www.fourchette.com/wp-content/uploads/sites/2/2022/12/Fourchette_foodpairing-Kwartel-1-600x400.png" alt="wartel, wortel, miso en postelein" srcset="https://www.fourchette.com/wp-content/uploads/sites/2/2022/12/Fourchette_foodpairing-Kwartel-1-600x400.png 600w, https://www.fourchette.com/wp-content/uploads/sites/2/2022/12/Fourchette_foodpairing-Kwartel-1-900x600.png 900w" width="600" height="400"></span></div></figure><div class="vcex-flex-container vcex-module wpex-flex wpex-gap-20 wpex-flex-col"><h3 class="vcex-heading vcex-heading-plain vcex-module wpex-heading wpex-text-2xl wpex-h3"><span class="vcex-heading-inner wpex-inline-block">Caille, carotte, miso et pourpier</span></h3><span href="https://www.fourchette.com/fr/recipes/kwartel-wortel-miso-en-postelein/" class="vcex-button theme-txt-link small align-left wpex-inline-block inline"><span class="vcex-button-inner theme-button-inner wpex-flex wpex-flex-wrap wpex-items-center wpex-justify-center">Voir la recette</span></span> </div></div></div></div></div></a></div></div><div class="wpex-post-cards-loop wpex-post-cards-grid wpex-row wpex-clr"><div class="wpex-post-cards-entry col col-1 span_1_of_3 post-3016 type-recipes"><div class="wpex-card wpex-card-template_3302 card-black-gradient"><a href="https://www.fourchette.com/fr/recipes/cannelloni-met-kreeft-mosterdbloem-en-gember/" aria-label="Cannelloni au homard, à la fleur de moutarde et au gingembre" class="wpex-card-inner wpex-no-underline wpex-inherit-color"><div class="vc_row wpb_row vc_row-fluid wpex-relative"><div class="wpb_column vc_column_container vc_col-sm-12"><div class="vc_column-inner"><div class="wpb_wrapper"><figure class="vcex-image vcex-module"><div class="vcex-image-inner wpex-relative wpex-inline-block"><span href="https://www.fourchette.com/fr/recipes/cannelloni-met-kreeft-mosterdbloem-en-gember/"><img loading="lazy" class="vcex-image-img wpex-align-middle" decoding="async" src="https://www.fourchette.com/wp-content/uploads/sites/2/2022/12/Fourchette_foodpairing-Kreeft-1-600x400.png" alt="Cannelloni met kreeft, mosterdbloem en gember" srcset="https://www.fourchette.com/wp-content/uploads/sites/2/2022/12/Fourchette_foodpairing-Kreeft-1-600x400.png 600w, https://www.fourchette.com/wp-content/uploads/sites/2/2022/12/Fourchette_foodpairing-Kreeft-1-300x201.png 300w" width="600" height="400"></span></div></figure><div class="vcex-flex-container vcex-module wpex-flex wpex-gap-20 wpex-flex-col"><h3 class="vcex-heading vcex-heading-plain vcex-module wpex-heading wpex-text-2xl wpex-h3"><span class="vcex-heading-inner wpex-inline-block">Cannelloni au homard, à la fleur de moutarde et au gingembre</span></h3><span href="https://www.fourchette.com/fr/recipes/cannelloni-met-kreeft-mosterdbloem-en-gember/" class="vcex-button theme-txt-link small align-left wpex-inline-block inline"><span class="vcex-button-inner theme-button-inner wpex-flex wpex-flex-wrap wpex-items-center wpex-justify-center">Voir la recette</span></span> </div></div></div></div></div></a></div></div><div class="wpex-post-cards-entry col col-2 span_1_of_3 post-3018 type-recipes"><div class="wpex-card wpex-card-template_3302 card-black-gradient"><a href="https://www.fourchette.com/fr/recipes/taco-met-gekonfijte-eendenbout/" aria-label="Taco à la cuisse de canard confite" class="wpex-card-inner wpex-no-underline wpex-inherit-color"><div class="vc_row wpb_row vc_row-fluid wpex-relative"><div class="wpb_column vc_column_container vc_col-sm-12"><div class="vc_column-inner"><div class="wpb_wrapper"><figure class="vcex-image vcex-module"><div class="vcex-image-inner wpex-relative wpex-inline-block"><span href="https://www.fourchette.com/fr/recipes/taco-met-gekonfijte-eendenbout/"><img loading="lazy" class="vcex-image-img wpex-align-middle" decoding="async" src="https://www.fourchette.com/wp-content/uploads/sites/2/2022/12/Fourchette_foodpairing-Taco-eend-1-600x400.png" alt="Taco met gekonfijte eendenbout" width="600" height="400"></span></div></figure><div class="vcex-flex-container vcex-module wpex-flex wpex-gap-20 wpex-flex-col"><h3 class="vcex-heading vcex-heading-plain vcex-module wpex-heading wpex-text-2xl wpex-h3"><span class="vcex-heading-inner wpex-inline-block">Taco à la cuisse de canard confite</span></h3><span href="https://www.fourchette.com/fr/recipes/taco-met-gekonfijte-eendenbout/" class="vcex-button theme-txt-link small align-left wpex-inline-block inline"><span class="vcex-button-inner theme-button-inner wpex-flex wpex-flex-wrap wpex-items-center wpex-justify-center">Voir la recette</span></span> </div></div></div></div></div></a></div></div><div class="wpex-post-cards-entry col col-3 span_1_of_3 post-3020 type-recipes"><div class="wpex-card wpex-card-template_3302 card-black-gradient"><a href="https://www.fourchette.com/fr/recipes/zilte-asperge-met-zeewolf/" aria-label="Asperges salées au poisson-chat" class="wpex-card-inner wpex-no-underline wpex-inherit-color"><div class="vc_row wpb_row vc_row-fluid wpex-relative"><div class="wpb_column vc_column_container vc_col-sm-12"><div class="vc_column-inner"><div class="wpb_wrapper"><figure class="vcex-image vcex-module"><div class="vcex-image-inner wpex-relative wpex-inline-block"><span href="https://www.fourchette.com/fr/recipes/zilte-asperge-met-zeewolf/"><img loading="lazy" class="vcex-image-img wpex-align-middle" decoding="async" src="https://www.fourchette.com/wp-content/uploads/sites/2/2022/12/Fourchette_foodpairing-Asperge-1-600x400.png" alt="Zilte asperge met zeewolf" width="600" height="400"></span></div></figure><div class="vcex-flex-container vcex-module wpex-flex wpex-gap-20 wpex-flex-col"><h3 class="vcex-heading vcex-heading-plain vcex-module wpex-heading wpex-text-2xl wpex-h3"><span class="vcex-heading-inner wpex-inline-block">Asperges salées au poisson-chat</span></h3><span href="https://www.fourchette.com/fr/recipes/zilte-asperge-met-zeewolf/" class="vcex-button theme-txt-link small align-left wpex-inline-block inline"><span class="vcex-button-inner theme-button-inner wpex-flex wpex-flex-wrap wpex-items-center wpex-justify-center">Voir la recette</span></span> </div></div></div></div></div></a></div></div><div class="wpex-post-cards-entry col col-1 span_1_of_3 post-3022 type-recipes"><div class="wpex-card wpex-card-template_3302 card-black-gradient"><a href="https://www.fourchette.com/fr/recipes/coquille-met-radijs/" aria-label="Coquilles Saint-Jacques aux radis" class="wpex-card-inner wpex-no-underline wpex-inherit-color"><div class="vc_row wpb_row vc_row-fluid wpex-relative"><div class="wpb_column vc_column_container vc_col-sm-12"><div class="vc_column-inner"><div class="wpb_wrapper"><figure class="vcex-image vcex-module"><div class="vcex-image-inner wpex-relative wpex-inline-block"><span href="https://www.fourchette.com/fr/recipes/coquille-met-radijs/"><img loading="lazy" class="vcex-image-img wpex-align-middle" decoding="async" src="https://www.fourchette.com/wp-content/uploads/sites/2/2022/12/Fourchette_foodpairing-Coquilles-1-600x400.png" alt="Coquille met radijs, heerlijk in combinatie met een subtiele Fourchette" srcset="https://www.fourchette.com/wp-content/uploads/sites/2/2022/12/Fourchette_foodpairing-Coquilles-1-600x400.png 600w, https://www.fourchette.com/wp-content/uploads/sites/2/2022/12/Fourchette_foodpairing-Coquilles-1-300x201.png 300w" width="600" height="400"></span></div></figure><div class="vcex-flex-container vcex-module wpex-flex wpex-gap-20 wpex-flex-col"><h3 class="vcex-heading vcex-heading-plain vcex-module wpex-heading wpex-text-2xl wpex-h3"><span class="vcex-heading-inner wpex-inline-block">Coquilles Saint-Jacques aux radis</span></h3><span href="https://www.fourchette.com/fr/recipes/coquille-met-radijs/" class="vcex-button theme-txt-link small align-left wpex-inline-block inline"><span class="vcex-button-inner theme-button-inner wpex-flex wpex-flex-wrap wpex-items-center wpex-justify-center">Voir la recette</span></span> </div></div></div></div></div></a></div></div></div></div></div>[/vc_column][/vc_row]
</div>

Hacher finement les radis à la mandoline et les placer dans de l'eau glacée. Préparation d'un bouillon de crustacés : Oignon, carotte et poireau à l'étuvée Ajouter les carapaces de crevettes, de homards ou de langoustines et bien les faire frire. Ajouter une cuillère à soupe de purée de tomates Déglacer avec le vin blanc&hellip;
