{"id":2966,"date":"2022-12-08T17:02:54","date_gmt":"2022-12-08T16:02:54","guid":{"rendered":"https:\/\/www.fourchette.com\/events\/"},"modified":"2024-06-27T15:30:47","modified_gmt":"2024-06-27T13:30:47","slug":"evenements","status":"publish","type":"page","link":"https:\/\/www.fourchette.com\/fr\/evenements\/","title":{"rendered":"\u00c9v\u00e9nements"},"content":{"rendered":"<div class=\"wpb-content-wrapper\">[vc_row][vc_column width=\u00a0\u00bb1\/2&Prime;][vc_column_text]Envie de d\u00e9guster et d&rsquo;exp\u00e9rimenter les d\u00e9licieuses saveurs de Fourchette\u00a0? C\u2019est possible lors de l&rsquo;un de nos \u00e9v\u00e9nements \u2013 souvent en collaboration avec de grands chefs. Pour en savoir plus, visitez cette page.[\/vc_column_text][\/vc_column][vc_column width=\u00a0\u00bb1\/2&Prime;][\/vc_column][\/vc_row][vc_row][vc_column]<div id=\"news-grid\" class=\"wpex-post-cards wpex-post-cards-template_3294 wpex-relative\"  data-vcex-class=\"Wpex_Post_Cards_Shortcode\" data-vcex-atts=\"{&quot;card_style&quot;:&quot;template_3294&quot;,&quot;entry_count&quot;:1,&quot;post_types&quot;:&quot;&quot;,&quot;running_count&quot;:1,&quot;terms_in&quot;:&quot;56&quot;,&quot;unique_id&quot;:&quot;news-grid&quot;,&quot;nonce&quot;:&quot;5f1e2c8908&quot;}\" data-vcex-current-page=\"1\" aria-live=\"polite\" aria-relevant=\"additions removals\" data-vcex-max-pages=\"0\"><div class=\"wpex-post-cards-inner\"><div class=\"wpex-post-cards-loop wpex-post-cards-grid wpex-row wpex-clr\"><div class=\"wpex-post-cards-entry col col-1 span_1_of_3 post-3010 type-post cat-56 translation_priority-42\"><div class=\"wpex-card wpex-card-template_3294 card-black-gradient\"><a href=\"https:\/\/www.fourchette.com\/fr\/masterclass-horeca-expo\/\" aria-label=\"Masterclass Horeca Expo 2019\" class=\"wpex-card-inner wpex-no-underline wpex-inherit-color\"><div class=\"vc_row wpb_row vc_row-fluid wpex-relative\"><div class=\"wpb_column vc_column_container vc_col-sm-12\"><div class=\"vc_column-inner\"><div class=\"wpb_wrapper\"><figure class=\"vcex-image vcex-module\"><div class=\"vcex-image-inner wpex-relative wpex-inline-block\"><span href=\"https:\/\/www.fourchette.com\/fr\/masterclass-horeca-expo\/\"><img loading=\"lazy\" class=\"vcex-image-img wpex-align-middle\" decoding=\"async\" src=\"https:\/\/www.fourchette.com\/wp-content\/uploads\/sites\/2\/2022\/12\/Michael-Vrijmoed-Fourchette-dresseren-scaled-600x400.jpg\" alt=\"\" srcset=\"https:\/\/www.fourchette.com\/wp-content\/uploads\/sites\/2\/2022\/12\/Michael-Vrijmoed-Fourchette-dresseren-scaled-600x400.jpg 600w, https:\/\/www.fourchette.com\/wp-content\/uploads\/sites\/2\/2022\/12\/Michael-Vrijmoed-Fourchette-dresseren-300x200.jpg 300w, https:\/\/www.fourchette.com\/wp-content\/uploads\/sites\/2\/2022\/12\/Michael-Vrijmoed-Fourchette-dresseren-1024x683.jpg 1024w, https:\/\/www.fourchette.com\/wp-content\/uploads\/sites\/2\/2022\/12\/Michael-Vrijmoed-Fourchette-dresseren-768x512.jpg 768w, https:\/\/www.fourchette.com\/wp-content\/uploads\/sites\/2\/2022\/12\/Michael-Vrijmoed-Fourchette-dresseren-1536x1024.jpg 1536w, https:\/\/www.fourchette.com\/wp-content\/uploads\/sites\/2\/2022\/12\/Michael-Vrijmoed-Fourchette-dresseren-2048x1365.jpg 2048w\" width=\"600\" height=\"400\"><\/span><\/div><\/figure><div class=\"vcex-flex-container vcex-module wpex-flex wpex-gap-20 wpex-flex-col\"><h3 class=\"vcex-heading vcex-heading-plain vcex-module wpex-heading wpex-text-2xl wpex-h3\"><span class=\"vcex-heading-inner wpex-inline-block\">Masterclass Horeca Expo 2019<\/span><\/h3><span href=\"https:\/\/www.fourchette.com\/fr\/masterclass-horeca-expo\/\" class=\"vcex-button theme-txt-link small align-left wpex-inline-block inline\"><span class=\"vcex-button-inner theme-button-inner wpex-flex wpex-flex-wrap wpex-items-center wpex-justify-center\">En savoir plus<\/span><\/span> <\/div><\/div><\/div><\/div><\/div><\/a><\/div><\/div><\/div><\/div><div class=\"vcex-ajax-loader wpex-hidden wpex-absolute wpex-inset-0 wpex-items-center wpex-justify-center\"><span class=\"vcex-ajax-loader__overlay wpex-absolute wpex-inset-0 wpex-surface-1 wpex-opacity-60 wpex-z-10\"><\/span><div class=\"vcex-ajax-loader__icon wpex-relative wpex-z-20\"><svg height=\"30\" width=\"30\" class=\"wpex-animate-spin wpex-opacity-5\" xmlns=\"http:\/\/www.w3.org\/2000\/svg\" viewBox=\"0 0 16 16\" fill=\"currentColor\"><path fill-rule=\"evenodd\" d=\"M8 3a5 5 0 1 0 4.546 2.914.5.5 0 0 1 .908-.417A6 6 0 1 1 8 2z\"\/><path d=\"M8 4.466V.534a.25.25 0 0 1 .41-.192l2.36 1.966c.12.1.12.284 0 .384L8.41 4.658A.25.25 0 0 1 8 4.466\"\/><\/svg><\/div><\/div><\/div>[\/vc_column][\/vc_row]\n<\/div>","protected":false},"excerpt":{"rendered":"Foodpairing inspirant avec Micha\u00ebl Vrijmoed et le ma\u00eetre brasseur Jef Versele Lors d'une d\u00e9licieuse exp\u00e9rience d'association de mets au salon de la restauration de Gand, le ma\u00eetre-brasseur Jef Versele a pr\u00e9sent\u00e9 la bi\u00e8re gastronomique Fourchette en collaboration avec le chef \u00e9toil\u00e9 Micha\u00ebl Vrijmoed, \u00e0 travers des bouch\u00e9es parfaitement assorties. crevettes de mer du nord avec&hellip;","protected":false},"author":1,"featured_media":0,"parent":0,"menu_order":0,"comment_status":"closed","ping_status":"closed","template":"","meta":{"_acf_changed":false,"_analytify_skip_tracking":false,"footnotes":""},"class_list":["post-2966","page","type-page","status-publish","hentry","entry","no-media"],"acf":[],"_links":{"self":[{"href":"https:\/\/www.fourchette.com\/fr\/wp-json\/wp\/v2\/pages\/2966","targetHints":{"allow":["GET"]}}],"collection":[{"href":"https:\/\/www.fourchette.com\/fr\/wp-json\/wp\/v2\/pages"}],"about":[{"href":"https:\/\/www.fourchette.com\/fr\/wp-json\/wp\/v2\/types\/page"}],"author":[{"embeddable":true,"href":"https:\/\/www.fourchette.com\/fr\/wp-json\/wp\/v2\/users\/1"}],"replies":[{"embeddable":true,"href":"https:\/\/www.fourchette.com\/fr\/wp-json\/wp\/v2\/comments?post=2966"}],"version-history":[{"count":2,"href":"https:\/\/www.fourchette.com\/fr\/wp-json\/wp\/v2\/pages\/2966\/revisions"}],"predecessor-version":[{"id":6634,"href":"https:\/\/www.fourchette.com\/fr\/wp-json\/wp\/v2\/pages\/2966\/revisions\/6634"}],"wp:attachment":[{"href":"https:\/\/www.fourchette.com\/fr\/wp-json\/wp\/v2\/media?parent=2966"}],"curies":[{"name":"wp","href":"https:\/\/api.w.org\/{rel}","templated":true}]}}

Événements

<div class="wpb-content-wrapper">[vc_row][vc_column width= »1/2&Prime;][vc_column_text]Envie de déguster et d&rsquo;expérimenter les délicieuses saveurs de Fourchette ? C’est possible lors de l&rsquo;un de nos événements – souvent en collaboration avec de grands chefs. Pour en savoir plus, visitez cette page.[/vc_column_text][/vc_column][vc_column width= »1/2&Prime;][/vc_column][/vc_row][vc_row][vc_column]<div id="news-grid" class="wpex-post-cards wpex-post-cards-template_3294 wpex-relative"  data-vcex-class="Wpex_Post_Cards_Shortcode" data-vcex-atts="{&quot;card_style&quot;:&quot;template_3294&quot;,&quot;entry_count&quot;:1,&quot;post_types&quot;:&quot;&quot;,&quot;running_count&quot;:1,&quot;terms_in&quot;:&quot;56&quot;,&quot;unique_id&quot;:&quot;news-grid&quot;,&quot;nonce&quot;:&quot;5f1e2c8908&quot;}" data-vcex-current-page="1" aria-live="polite" aria-relevant="additions removals" data-vcex-max-pages="0"><div class="wpex-post-cards-inner"><div class="wpex-post-cards-loop wpex-post-cards-grid wpex-row wpex-clr"><div class="wpex-post-cards-entry col col-1 span_1_of_3 post-3010 type-post cat-56 translation_priority-42"><div class="wpex-card wpex-card-template_3294 card-black-gradient"><a href="https://www.fourchette.com/fr/masterclass-horeca-expo/" aria-label="Masterclass Horeca Expo 2019" class="wpex-card-inner wpex-no-underline wpex-inherit-color"><div class="vc_row wpb_row vc_row-fluid wpex-relative"><div class="wpb_column vc_column_container vc_col-sm-12"><div class="vc_column-inner"><div class="wpb_wrapper"><figure class="vcex-image vcex-module"><div class="vcex-image-inner wpex-relative wpex-inline-block"><span href="https://www.fourchette.com/fr/masterclass-horeca-expo/"><img loading="lazy" class="vcex-image-img wpex-align-middle" decoding="async" src="https://www.fourchette.com/wp-content/uploads/sites/2/2022/12/Michael-Vrijmoed-Fourchette-dresseren-scaled-600x400.jpg" alt="" srcset="https://www.fourchette.com/wp-content/uploads/sites/2/2022/12/Michael-Vrijmoed-Fourchette-dresseren-scaled-600x400.jpg 600w, https://www.fourchette.com/wp-content/uploads/sites/2/2022/12/Michael-Vrijmoed-Fourchette-dresseren-300x200.jpg 300w, https://www.fourchette.com/wp-content/uploads/sites/2/2022/12/Michael-Vrijmoed-Fourchette-dresseren-1024x683.jpg 1024w, https://www.fourchette.com/wp-content/uploads/sites/2/2022/12/Michael-Vrijmoed-Fourchette-dresseren-768x512.jpg 768w, https://www.fourchette.com/wp-content/uploads/sites/2/2022/12/Michael-Vrijmoed-Fourchette-dresseren-1536x1024.jpg 1536w, https://www.fourchette.com/wp-content/uploads/sites/2/2022/12/Michael-Vrijmoed-Fourchette-dresseren-2048x1365.jpg 2048w" width="600" height="400"></span></div></figure><div class="vcex-flex-container vcex-module wpex-flex wpex-gap-20 wpex-flex-col"><h3 class="vcex-heading vcex-heading-plain vcex-module wpex-heading wpex-text-2xl wpex-h3"><span class="vcex-heading-inner wpex-inline-block">Masterclass Horeca Expo 2019</span></h3><span href="https://www.fourchette.com/fr/masterclass-horeca-expo/" class="vcex-button theme-txt-link small align-left wpex-inline-block inline"><span class="vcex-button-inner theme-button-inner wpex-flex wpex-flex-wrap wpex-items-center wpex-justify-center">En savoir plus</span></span> </div></div></div></div></div></a></div></div></div></div><div class="vcex-ajax-loader wpex-hidden wpex-absolute wpex-inset-0 wpex-items-center wpex-justify-center"><span class="vcex-ajax-loader__overlay wpex-absolute wpex-inset-0 wpex-surface-1 wpex-opacity-60 wpex-z-10"></span><div class="vcex-ajax-loader__icon wpex-relative wpex-z-20"><svg height="30" width="30" class="wpex-animate-spin wpex-opacity-5" xmlns="http://www.w3.org/2000/svg" viewBox="0 0 16 16" fill="currentColor"><path fill-rule="evenodd" d="M8 3a5 5 0 1 0 4.546 2.914.5.5 0 0 1 .908-.417A6 6 0 1 1 8 2z"/><path d="M8 4.466V.534a.25.25 0 0 1 .41-.192l2.36 1.966c.12.1.12.284 0 .384L8.41 4.658A.25.25 0 0 1 8 4.466"/></svg></div></div></div>[/vc_column][/vc_row]
</div>

Foodpairing inspirant avec Michaël Vrijmoed et le maître brasseur Jef Versele Lors d'une délicieuse expérience d'association de mets au salon de la restauration de Gand, le maître-brasseur Jef Versele a présenté la bière gastronomique Fourchette en collaboration avec le chef étoilé Michaël Vrijmoed, à travers des bouchées parfaitement assorties. crevettes de mer du nord avec&hellip;
